4?
2
What is the hundreds digit of 27505?
5
What is the ten thousands digit of 69574?
6
What is the hundreds digit of 6974?
9
What is the units digit of 1983?
3
What is the tens digit of 8814?
1
What is the tens digit of 8603?
0
What is the hundreds digit of 1444?
4
What is the hundreds digit of 951?
9
What is the units digit of 17145?
5
What is the tens digit of 14344?
4
What is the hundreds digit of 3800?
8
What is the tens digit of 380?
8
What is the units digit of 2156?
6
What is the thousands digit of 18734?
8
What is the tens digit of 667?
6
What is the units digit of 1382?
2
What is the hundreds digit of 2549?
5
What is the tens digit of 4218?
1
What is the hundreds digit of 6676?
6
What is the units digit of 27?
7
What is the hundreds digit of 1271?
2
What is the units digit of 5596?
6
What is the thousands digit of 9526?
9
What is the tens digit of 123465?
6
What is the units digit of 1107?
7
What is the tens digit of 5386?
8
What is the thousands digit of 1154?
1
What is the hundred thousands digit of 119592?
1
What is the tens digit of 961?
6
What is the thousands digit of 2786?
2
What is the tens digit of 252?
5
What is the tens digit of 25067?
6
What is the units digit of 742?
2
What is the tens digit of 5923?
2
What is the tens digit of 7409?
0
What is the units digit of 24843?
3
What is the units digit of 7572?
2
What is the hundreds digit of 2560?
5
What is the thousands digit of 2617?
2
What is the hundreds digit of 10789?
7
What is the units digit of 334?
4
What is the thousands digit of 2062?
2
What is the tens digit of 397?
9
What is the hundreds digit of 1889?
8
What is the ten thousands digit of 63697?
6
What is the units digit of 6512?
2
What is the units digit of 15519?
9
What is the tens digit of 1638?
3
What is the tens digit of 10588?
8
What is the units digit of 28065?
5
What is the hundreds digit of 29514?
5
What is the tens digit of 3161?
6
What is the hundreds digit of 888?
8
What is the hundreds digit of 532?
5
What is the tens digit of 2501?
0
What is the thousands digit of 2583?
2
What is the units digit of 4702?
2
What is the hundreds digit of 1471?
4
What is the tens digit of 10601?
0
What is the tens digit of 2149?
4
What is the units digit of 2739?
9
What is the hundreds digit of 3561?
5
What is the hundreds digit of 3623?
6
What is the units digit of 1068?
8
What is the units digit of 762?
2
What is the hundreds digit of 33990?
9
What is the tens digit of 2121?
2
What is the thousands digit of 102532?
2
What is the tens digit of 179746?
4
What is the units digit of 9620?
0
What is the units digit of 1815?
5
What is the hundreds digit of 9457?
4
What is the thousands digit of 62741?
2
What is the ten thousands digit of 62981?
6
What is the thousands digit of 2799?
2
What is the hundreds digit of 5492?
4
What is the tens digit of 89345?
4
What is the ten thousands digit of 65883?
6
What is the hundreds digit of 52651?
6
What is the tens digit of 1447?
4
What is the tens digit of 5600?
0
What is the hundreds digit of 2427?
4
What is the ten thousands digit of 10724?
1
What is the units digit of 4533?
3
What is the thousands digit of 14479?
4
What is the thousands digit of 1575?
1
What is the tens digit of 1310?
1
What is the ten thousands digit of 12502?
1
What is the hundreds digit of 473?
4
What is the ten thousands digit of 13516?
1
What is the thousands digit of 65100?
5
What is the tens digit of 36531?
3
What is the units digit of 4064?
4
What is the tens digit of 140397?
9
What is the hundreds digit of 59416?
4
What is the hundreds digit of 199729?
7
What is the hundreds digit of 112181?
1
What is the tens digit of 377?
7
What is the units digit of 12998?
8
What is the units digit of 896?
6
What is the thousands digit of 2839?
2
What is the tens digit of 1422?
2
What is the tens digit of 2955?
5
What is the thousands digit of 4299?
4
What is the hundreds digit of 3491?
4
What is the units digit of 1990?
0
What is the tens digit of 53347?
4
What is the hundreds digit of 363?
3
What is the thousands digit of 1362?
1
What is the tens digit of 126284?
8
What is the hundreds digit of 41589?
5
What is the thousands digit of 41996?
1
What is the hundreds digit of 19453?
4
What is the ten thousands digit of 58639?
5
What is the units digit of 2887?
7
What is the units digit of 175661?
1
What is the tens digit of 3153?
5
What is the hundreds digit of 54938?
9
What is the hundreds digit of 5833?
8
What is the thousands digit of 3927?
3
What is the units digit of 647?
7
What is the ten thousands digit of 23495?
2
What is the tens digit of 766?
6
What is the hundreds digit of 50988?
9
What is the tens digit of 7001?
0
What is the tens digit of 984?
8
What is the units digit of 59978?
8
What is the hundreds digit of 1898?
8
What is the hundreds digit of 3294?
2
What is the units digit of 521?
1
What is the units digit of 6800?
0
What is the hundreds digit of 16159?
1
What is the thousands digit of 140625?
0
What is the ten thousands digit of 17108?
1
What is the thousands digit of 76530?
6
What is the ten thousands digit of 33981?
3
What is the tens digit of 12323?
2
What is the ten thousands digit of 117806?
1
What is the tens digit of 62883?
8
What is the tens digit of 1193?
9
What is the hundred thousands digit of 129956?
1
What is the units digit of 14726?
6
What is the hundreds digit of 19690?
6
What is the units digit of 3135?
5
What is the units digit of 53532?
2
What is the tens digit of 63?
6
What is the units digit of 2125?
5
What is the tens digit of 8651?
5
What is the hundreds digit of 546?
5
What is the tens digit of 22329?
2
What is the thousands digit of 63254?
3
What is the tens digit of 57550?
5
What is the hundreds digit of 2016?
0
What is the tens digit of 465?
6
What is the thousands digit of 54846?
4
What is the tens digit of 152?
5
What is the units digit of 1441?
1
What is the hundreds digit of 2667?
6
What is the thousands digit of 46279?
6
What is the hundreds digit of 1040?
0
What is the units digit of 1670?
0
What is the thousands digit of 5417?
5
What is the hundreds digit of 5132?
1
What is the hundreds digit of 3068?
0
What is the tens digit of 10533?
3
What is the tens digit of 1917?
1
What is the hundreds digit of 485?
4
What is the tens digit of 35837?
3
What is the tens digit of 159?
5
What is the thousands digit of 53829?
3
What is the units digit of 15531?
1
What is the units digit of 3171?
1
What is the thousands digit of 112123?
2
What is the tens digit of 5761?
6
What is the tens digit of 1334?
3
What is the thousands digit of 1697?
1
What is the tens digit of 988?
8
What is the tens digit of 1628?
2
What is the hundreds digit of 816?
8
What is the tens digit of 837?
3
What is the tens digit of 1517?
1
What is the thousands digit of 5188?
5
What is the thousands digit of 1898?
1
What is the units digit of 2755?
5
What is the tens digit of 79507?
0
What is the thousands digit of 23139?
3
What is the ten thousands digit of 42563?
4
What is the units digit of 26577?
7
What is the units digit of 10570?
0
What is the tens digit of 8116?
1
What is the hundreds digit of 120203?
2
What is the tens digit of 2850?
5
What is the thousands digit of 84732?
4
What is the thousands digit of 73645?
3
What is the thousands digit of 3263?
3
What is the hundreds digit of 81269?
2
What is the thousands digit of 2559?
2
What is the ten thousands digit of 24874?
2
What is the hundreds digit of 5427?
4
What is the thousands digit of 38603?
8
What is the tens digit of 2279?
7
What is the hundreds digit of 279?
2
What is the units digit of 22334?
4
What is the units digit of 1202?
2
What is the thousands digit of 24100?
4
What is the hundreds digit of 229?
2
What is the thousands digit of 3500?
3
What is the thousands digit of 5431?
5
What is the thousands digit of 2026?
2
What is the thousands digit of 11386?
1
What is the thousands digit of 37518?
7
What is the units digit of 876?
6
What is the thousands digit of 105625?
5
What is the units digit of 2550?
0
What is the thousands digit of 14825?
4
What is the tens digit of 279?
7
What is the tens digit of 1763?
6
What is the tens digit of 1088?
8
What is the units digit of 374?
4
What is the units digit of 46849?
9
What is the hundreds digit of